 j.
19
Let f(j) = j**3 - j**2 + 9. Let w be f(0). Let h(n) = n**2 - 7*n - 18. Let u be h(w). Suppose u = -4*d + 38 - 14. What are the prime factors of d?
2, 3
Let u(b) = b**3 + 47*b**2 + 22*b + 455. What are the prime factors of u(-44)?
3, 5, 353
Suppose 29*v - 33*v + 1680 = 0. List the prime factors of v.
2, 3, 5, 7
Let g(t) = -t**2. Let b be g(0). Suppose -p + 24 - 6 = b. Let m = 34 - p. List the prime factors of m.
2
Suppose 2 = -8*c + 10*c. List the prime factors of 3 + 5 + -6 - c*-135.
137
Suppose 89*m + 330 = 94*m. List the prime factors of m.
2, 3, 11
List the prime factors of 52749/81 - (-4)/54*-3.
3, 7, 31
Let v(z) = -2*z**3 - 7 - 18 + z**2 + 17 - 2*z**2. List the prime factors of v(-3).
37
Let m = 937 + 399. List the prime factors of m.
2, 167
Let k(c) = c**2 + 3*c + 2. Let d be k(-13). List the prime factors of (-6)/45*-5*d.
2, 11
Let y = -100 - -103. What are the prime factors of 5 - -127 - (6/y - 2)?
2, 3, 11
Let c be (-2)/9 + (-260)/45. Let v = 0 - c. List the prime factors of 9*(-1 + 8/v).
3
Let s(c) = -c**3 + 13*c**2 - 16*c - 13. Suppose 8 = -6*y + 8*y, -3*d + 5*y + 13 = 0. List the prime factors of s(d).
53
Let p = 1301 - 1152. List the prime factors of p.
149
Let w = 18 + -32. Let s = w + 16. Let k(z) = 5*z**2 + 4*z - 4. List the prime factors of k(s).
2, 3
Suppose 3558 = -20*q + 10298. What are the prime factors of q?
337
Suppose n - 1276 = 606. List the prime factors of n.
2, 941
Let t = 965 + 2505. What are the prime factors of t?
2, 5, 347
Suppose 721 + 877 = 2*c. What are the prime factors of c?
17, 47
Let k(u) = 39*u - 265. What are the prime factors of k(10)?
5
Suppose -32*k = -42*k + 3950. List the prime factors of k.
5, 79
Let k be (-1)/((-15)/(-12)*(-2)/5). What are the prime factors of (22 + k*-1)/((-11)/(-33))?
2, 3, 5
Suppose -28*i = -4*s - 23*i + 6380, s - 4*i - 1595 = 0. What are the prime factors of s?
5, 11, 29
Suppose -619 = -26*l + 707. List the prime factors of l.
3, 17
Suppose -4*a = g - 291, -19 = -3*a + g + 201. List the prime factors of a.
73
Suppose 4 = -4*p, j - 2*p + 144 = 1035. List the prime factors of j.
7, 127
Let g = -12 - -5. Let c be 4 + g + (-2)/1. Let z(o) = -o**3 - 5*o**2 - 2*o - 6. What are the prime factors of z(c)?
2
Let r(z) = -z + 10. Let i be r(7). Suppose 0 = -v - 0 - i. What are the prime factors of 25 + (0 - (v - -1))?
3
Let q be ((-140)/98)/((-1)/21). Suppose q = j - 8. List the prime factors of j.
2, 19
Suppose 4*q + 6 = -v + 2*v, v = -2*q + 12. Let p be ((24/9)/2)/((-28)/(-126)). Suppose s - p*s + v = 0. What are the prime factors of s?
2
Suppose 0 = 2*k - 6*k + 880. Let l = -22 + k. List the prime factors of l.
2, 3, 11
Let s(n) = -13*n + 2. Let z be s(5). List the prime factors of (402/(-5))/(6 - z/(-10)).
2, 67
Suppose -2*v = -517 - 887. List the prime factors of v.
2, 3, 13
Suppose -23*s = -4*s - 3002. What are the prime factors of s?
2, 79
Let i(f) be the third derivative of -f**5/40 - f**4/6 + f**3/2 - 3*f**2. Let b(n) be the first derivative of i(n). What are the prime factors of b(-4)?
2
Let r = 9 - 13. Let s be ((-375)/(-20))/((-1)/r). Suppose -8*c + s = -5*c. List the prime factors of c.
5
Suppose -13*a - 207 = -14*a + 5*w, 0 = 3*w - 15. What are the prime factors of a?
2, 29
Let r(l) = 6*l**2 + 21*l + 3. Let o(a) = -2*a**2 - 7*a - 1. Let s(z) = -7*o(z) - 2*r(z). Let m be s(-5). Suppose m + 30 = 2*v. List the prime factors of v.
23
Suppose -4*c = 5*m - 9037, c = 211*m - 206*m - 9022. What are the prime factors of m?
5, 19
Suppose 39 = k + 37. Suppose 142 = -c + k*c. List the prime factors of c.
2, 71
Suppose -2*p + 5*v - 17 = 3, 5*p + 3*v = 12. Suppose j - 10 + 1 = p. Let a = j + 0. What are the prime factors of a?
3
Suppose -232*r + 230*r = -5744. What are the prime factors of r?
2, 359
Suppose -48783 - 18096 = -27*q. What are the prime factors of q?
2477
Let b be 2/(-4) - 2/(8/(-18)). Suppose 18 = -3*r + 3*x + 81, -2*r = b*x - 24. List the prime factors of r.
2, 3
Suppose 2*d + 2*d + 72 = 0. Let f be (-1)/1 - -2 - 40. Let h = d - f. What are the prime factors of h?
3, 7
What are the prime factors of (-5)/(1745/870 - 2)*-3?
2, 3, 5, 29
Suppose -34*u - 12 = -35*u. Suppose -4*s = -s + 18. Let q = u - s. List the prime factors of q.
2, 3
Let l be 4/14*(-85 - -92). Let i(o) = 5*o - 5 + 9*o**2 + 2*o - 4*o. What are the prime factors of i(l)?
37
List the prime factors of 1786 + 4*-1*(-1)/2.
2, 3, 149
Suppose -8*g + 6*g - 3*h = -866, h - 2191 = -5*g. What are the prime factors of g?
439
Suppose 0 = -5*t + 3*b - 44, -5*t - 39 = -5*b + 11. Let k be (t - -1)/(18/153). Let p = 118 + k. What are the prime factors of p?
67
Let i(m) = 2*m + 41. Let d(s) = s**2 + 13*s + 7. Let r be d(-11). What are the prime factors of i(r)?
11
Let t(v) be the second derivative of v**5/20 - v**4/2 - 5*v**3/3 + 23*v**2/2 + 40*v. List the prime factors of t(7).
2
What are the prime factors of 3146 - 2/(4/14)?
43, 73
Let z = -2735 - -4782. What are the prime factors of z?
23, 89
Let y = 207 + -86. Suppose -3*v = -d + y, 5*d + v = 6*v + 575. List the prime factors of d.
2, 7
Suppose -5*j - 15 = -10. What are the prime factors of (j + -23)/(6/(-8))?
2
Let a(y) = 3*y - 1. Let h be a(3). Suppose 6*f - h - 46 = 0. Let d(x) = -x**2 + 9*x + 11. What are the prime factors of d(f)?
11
Let r = 11 + -9. Let j be 12/3 - (r + -3). Suppose -62 = -j*i + 4*t - 23, -i + 4*t + 11 = 0. What are the prime factors of i?
7
Let z = -473 - -1619. What are the prime factors of z?
2, 3, 191
Let q(k) = 10*k - 2. Let w be q(-1). Let s = -17 + 9. Let x = s - w. List the prime factors of x.
2
List the prime factors of (-9)/6*108*(-1 - 1).
2, 3
Let n be (-3)/12 - (-6777)/(-12). List the prime factors of 4/10 - n/25*1.
23
Let p = 59 - 55. Suppose -p*m - 227 = -1271. List the prime factors of m.
3, 29
Let t be 819/(-14)*(-2)/3. Let f be (24/(-4))/((-2)/t). Let k = -68 + f. What are the prime factors of k?
7
Let q(u) = 130*u**2 + 1. Suppose -2*d + 2 = 0, -4 = 2*o - 4*d + 2. What are the prime factors of q(o)?
131
Let g(z) be the first derivative of 9*z**2/2 - 11*z + 8. Let f be g(5). Suppose -2*j = n - f + 8, -4*j - 98 = -3*n. List the prime factors of n.
2, 3, 5
Let b = 5595 + -3912. What are the prime factors of b?
3, 11, 17
Suppose 2*z - 3*c - 18 = 0, -2*c - 2 = -2*z - 3*c. Let y = 15 - z. List the prime factors of y.
2, 3
Suppose -14 = 16*m - 18*m. Suppose -27 + 426 = m*p. What are the prime factors of p?
3, 19
Let t(h) = 11*h**3 + 9*h**2 - 23*h + 180. What are the prime factors of t(7)?
3, 17, 83
List the prime factors of (5474/69)/(2*(-1)/(-12)).
2, 7, 17
Let z be (-3)/(-5) + (4 - (-4308)/(-30)). Let u = z + 297. What are the prime factors of u?
2, 79
Let o(i) = i**2 + 2*i - 6. Let x be o(-4). Suppose 5 = w + x. Suppose 4*p + 125 = 5*m, w*m - p + 3 = 78. What are the prime factors of m?
5
Let g be 1*5 - (-1)/(-1). Suppose -63 = o - g*o. List the prime factors of o.
3, 7
Let g = 0 - -5. Suppose -464 = -g*z + 246. List the prime factors of z.
2, 71
Suppose -o + 181 = -49. What are the prime factors of o?
2, 5, 23
Let f(m) = -m**2 + 7*m - 12. Let n be f(4). Suppose n = -4*d + 7 - 3. Let h(s) = 20*s**3 - 2*s + 1. What are the prime factors of h(d)?
19
Let h be (2 + -3)/(-3)*3. Let r(f) = 4*f**2 + f. Let z be r(-1). Let p = h + z. What are the prime factors of p?
2
Suppose i - 3*f = -4*i + 3834, 2*i = -4*f + 1544. List the prime factors of i.
2, 3
Let c(w) = 85*w**2 + 4*w - 2. Let t = 1 - 0. List the prime factors of c(t).
3, 29
Suppose -4146 = -7*f + 1615. List the prime factors of f.
823
Suppose 2*p - 9 = 3*u, 0*u - 9 = -4*p + 3*u. Let i(f) = -f**2 + 12*f - 9. Let h be i(11). Let y = h - p. What are the prime factors of y?
2
Let j(w) = -w**3 + w**2 + w + 7. Let k be j(0). Suppose 4*r = 3*b - 182, -2*r + 210 = -k*r - 5*b. What are the prime factors of 1 + 1 - r/2?
2, 3
Let c(a) = -9*a**2 + 3*a + 4. Let w(t) = -t**2 - 1. Let l(z) = -c(z) - 6*w(z). List the prime factors of l(1).
2, 7
Let x = -10 + -6. What are the prime factors of 12/x*-22*8/6?
2, 11
Suppose 5*s = 37 + 8. Suppose s*u = 11*u - 66. List the prime factors of u.
3, 11
Let t = 0 - 6. Let b be (-475)/(-4) + t/(-24). Let r = b + -71. List the prime factors of r.
2, 3
Suppose -3*q - q + 5*h + 268 = 0, 3*q - 232 = -4*h. Let b(j) = 2*j**3 + q*j - 72*j + j**2. What are the